u**2 + u. Let m be f(0). Let i(h) = -4 + m + 2*h + 2 + 0*h. Determine i(d).
-16
Let j(s) = -2 - s**3 - 4588*s - 4 + 9176*s - 4585*s - 7*s**2. Calculate j(-7).
-27
Let n = 20 + -17. Let d be -2*(n/(-3) + 4). Let g be -12 + 16 + d*(2 - 1). Let b(l) = l**3 - l**2 - 3*l - 1. Determine b(g).
-7
Let y(f) = -3*f**3 + 3*f**2 - 2. Let k(r) = -101*r + 405. Let m be k(4). Give y(m).
-2
Let u(r) = 6*r + 14. Suppose 4*g + 40 = -5*d, 3*d + 2 = -0*d + 2*g. Let f(l) = 5*l + 12. Let o(y) = d*f(y) + 3*u(y). Give o(5).
-16
Let f(r) = 25*r**3 + 14*r**2 + 3*r + 21. Let q(w) = -6*w**3 - w**2 + 3. Let t(k) = -f(k) - 4*q(k). Calculate t(-10).
-3
Let g(h) be the first derivative of -2*h**3/3 - 10*h**2 + 12*h - 1047. Calculate g(-10).
12
Let k(p) = -2*p**2 + 55*p + 96. Let y be ((-11)/(-22))/((3/(-522))/((-2)/6)). Give k(y).
9
Suppose -4*f = -2*n + 6*n + 44, -4*f = -5*n - 37. Let m be 6/(-3)*35/14 - n. Let u(v) = v**2 - 5. What is u(m)?
11
Let b(a) = -8*a - 1. Let y(d) = -8*d - 1. Let s(g) = 6*b(g) - 7*y(g). Let z be 8/60 + 9 + -5 + 94/(-30). Give s(z).
9
Suppose 8*i - 6 = 14*i. Let m(v) be the second derivative of 0 - 20*v + 1/2*v**2 - 1/2*v**3. What is m(i)?
4
Suppose 51*a - 1038 = 57*a. Let h = a + 178. Let r(t) be the third derivative of -t**6/120 + t**5/12 - t**4/24 + t**3/2 - t**2. Calculate r(h).
-2
Let l(k) be the third derivative of k**4/24 + k**3/6 + 18*k**2. Let r(c) = 8. Let i(b) = -3*l(b) + r(b). Suppose -6*n + 2*n = 3*s - 14, 0 = -3*n - 3. Give i(s).
-13
Let m(o) = -2*o**2 - 106*o + 2741. Let q be m(19). Let z(c) = -c**2 + 37. Determine z(q).
12
Let w(o) be the third derivative of -1/12*o**4 - 7/6*o**3 - 1/12*o**5 - 13*o**2 + 0 - 1/120*o**6 + 0*o. Let l = -11 - -6. Give w(l).
3
Let o(j) = -j + 0 + 3*j + 8*j**3 - 1. Suppose -5*d + 5 = 0, 4 = 2*c - 2*d - 2*d. Suppose -2*n + c - 2 = 0. Calculate o(n).
9
Let a(v) be the second derivative of 1/20*v**5 + 1/4*v**4 - 103*v + 1/2*v**3 + v**2 + 0. What is a(-3)?
-7
Let u(b) = -b**2 - 12*b + 39. Let q be u(-15). Let h(x) = 2*x + 14. Let t be h(q). Let z(c) = 582*c**2 + c + 4 - t*c - 5 - 581*c**2. What is z(0)?
-1
Let p(o) = o**3 - 5*o**2 - 2*o - 3. Suppose 0 = -t + 5*s - 12, -4*s + 3*s - 9 = -4*t. Suppose 0 = t*b + 36 - 48. Determine p(b).
-27
Let y(x) = -8 - 6*x + 4 - 3 + 5*x. Let b = 2 - -1. Suppose -29 = 4*q + s - b, 2*q = -3*s - 8. What is y(q)?
0
Let a(m) = 4*m - 2. Let k(c) = -121 - 11*c + 0*c + 127. Let j(y) = 17*a(y) + 6*k(y). Determine j(2).
6
Let p(u) be the first derivative of u**3/3 - 9*u**2/2 - 9*u - 2. Let d = 124 - 117. Let w(g) = 3*g**2 - 20*g + 1. Let k be w(d). Calculate p(k).
-17
Let z(n) = 4*n**3 - 7*n + 2. Let p = -19711 - -19714. Give z(p).
89
Let f(s) = 57*s - 175*s - s**2 + 42*s + 55*s - 36. Calculate f(-18).
18
Let r(j) = -409*j - 509. Let m(z) = -62*z + 3. Let a(y) = 6*m(y) - r(y). Determine a(-14).
9
Let d = -3008 + 3020. Let k(x) = x**3 - 11*x**2 - 10*x - 33. Determine k(d).
-9
Suppose 3 = -g - 1. Let w(y) = -2 + 137*y**2 - 2*y + 0*y - 281*y**2 - 3*y + 143*y**2. Calculate w(g).
2
Let i = -4 - -4. Let h(o) = -o**3 + 34*o**2 - 22. Let w(s) = s**3 - 41*s**2 + 25. Let a(g) = -6*h(g) - 5*w(g). Give a(i).
7
Let o(v) = -v**3 + 7*v**2 + 4*v - 5. Let c(f) = f**2 - 14*f + 47. Suppose -4*w + 31 = -5*q, -5*w + 3*w + 14 = -2*q. Let k be c(w). Calculate o(k).
23
Let t(a) = -17*a + 87. Let o(r) = -22*r + 89. Let p(z) = 5*o(z) - 6*t(z). Determine p(-9).
-5
Let i(q) = -3*q**2 + 12*q + 32. Suppose 8193*x - 8182*x = -22. Give i(x).
-4
Let c be 1/((-2)/(-8)) + -9. Let a(h) be the second derivative of 1/3*h**3 + 0 - 9*h + 3/2*h**2. Give a(c).
-7
Let r(l) = -58*l**2 + 1020*l + 426. Let m be r(18). Let h(d) be the second derivative of d**5/20 + 7*d**4/12 + 7*d**3/6 - d**2 - 2*d. Calculate h(m).
-8
Suppose 460*s - 472*s - 48 = 0. Let d(q) = -q - 11. Let w(t) = 2. Let a(n) = -2*d(n) - 11*w(n). What is a(s)?
-8
Let y be (0 - -4)/(-4) + 5. Let a = 7 - -19. Suppose l - 2*g = -3*g - 11, -y*g - a = l. Let d(c) = -2*c - 7. Calculate d(l).
5
Suppose -164 = -26*k + 330. Let j(y) = -k + 3 - 2*y + 3*y + 2*y - y. Calculate j(13).
10
Let s(d) = 2677984*d**2 - 3*d - 2677983*d**2 + 4*d. Suppose 3 = -b - 2. What is s(b)?
20
Let d(k) = -3*k**2 - 5*k - 39. Let z be d(-8). Let c = z - -192. Let y(a) = -4*a**2 - a + 1. Give y(c).
-4
Let m = -5082 + 5084. Let x(v) = 18*v + 7. What is x(m)?
43
Let l(m) be the first derivative of -4*m**3/3 - 7*m**2/2 + 9*m + 1315. Give l(1).
-2
Let y(c) = -3*c**2 + c. Suppose 2*g - g = -198. Let z = 199 + g. Give y(z).
-2
Let z(p) = -5*p - 39. Let y be z(-8). Let v(r) = 10*r**2 + 28*r - 80*r + 25*r + y + 25*r. Calculate v(1).
9
Let u = -40 - -42. Let b be u*5/8*(2 - -2). Let m(c) = -c**3 + 6*c**2 - 2*c - 9. Let x be m(b). Let n(k) = -3*k. Determine n(x).
-18
Let i = -1023 - -1608. Let n = 581 - i. Let b(p) = 2*p**3 + 9*p**2 + 5*p + 2. Calculate b(n).
-2
Suppose 19*p + 0*p - 19 = 0. Let m(q) = -3 - 2*q - q**2 + 2*q - 9*q - p. Calculate m(-9).
-4
Let b be (-3848)/(-592)*(0 + (3 - 1)). Let z(w) = -13*w + 51. Determine z(b).
-118
Let w(b) = 0*b - 8 - b + 18. Let t = 778 + -759. Suppose 4*z - 2*j = 22, -z + t = -96*j + 100*j. Calculate w(z).
3
Let d(r) be the third derivative of r**5/6 - r**4/12 + r**3/2 - 4363*r**2. Calculate d(1).
11
Let c be 14/161 + 14/(-161). Let j(n) = 4*n - 6 + 6*n - 8*n + c + 3*n. Determine j(-5).
-31
Let k(m) = -2*m - 1. Let y(w) be the first derivative of 15*w**2/2 - 3*w + 10. Let x be y(1). Let o(g) = -g**2 + 9*g + 33. Let l be o(x). What is k(l)?
5
Suppose 4*x + 3*h + 8 = h, -2*h + 6 = -3*x. Let y be (x/(-10))/(22/110). Let q(m) = 18*m**3 - 2*m**2 + 2*m - 1. Give q(y).
17
Let f(w) = -w**2 - 216*w + 219. Let t(b) = b**2 + 319*b - 330. Let q(r) = 7*f(r) + 5*t(r). Determine q(40).
3
Suppose -72*m + 20 = -67*m. Let f(k) = -m*k + 3*k**2 - 253 - 2*k**2 + 249. Determine f(4).
-4
Let a be ((-2380)/(-833))/((-4)/14) + 30. Let u(p) = -p**3 + 21*p**2 - 18*p - 47. Calculate u(a).
-7
Suppose -2*w - 66 - 34 = 0. Let o = w + 45. Let x(z) = -z**3 + 81*z**2 + 5 + 2 + 4*z - 86*z**2. Calculate x(o).
-13
Suppose 988 = 142*f - 29 + 23. Let m(t) = -16 + 5*t - t - 2*t. What is m(f)?
-2
Let a(d) = 11*d - 203. Suppose 4*t - z = 77, 3*t + 4*z + 20 = 54. Let i be a(t). Let s(h) = -h**3 - 4*h**2 - h - 7. Give s(i).
23
Let o(y) be the third derivative of -1/15*y**5 + 1/2*y**3 - 1/60*y**6 + 0*y**4 + 0*y - 9*y**2 + 0. Suppose -4*h - 33 + 21 = 0. What is o(h)?
21
Let n(x) = x**2 + 5*x - 8. Let b = 65 - 63. Let v(a) = -3 + 4 - a + a**3 + a**2 - b*a**2 - 8. Let f be v(0). Calculate n(f).
6
Let m(a) = -5 - 2 + 7*a + 36 - 9 - a**2 - 1. Determine m(10).
-11
Let l(j) = -19*j - 4. Let g(o) = 2318*o - 3 - 1164*o - 1169*o - o**2. Let k(i) = -5*g(i) + 4*l(i). What is k(-1)?
5
Let y(r) = 3*r + 1. Let c(x) = x**3 - 14*x**2 + 23*x + 15. Let f be c(12). Let a be (f + -1 + 0)*126/(-28). Give y(a).
-26
Let d(z) = 6*z**3 + z**2 + 2. Let x(v) = 23*v**3 + 9*v**2 + 18*v - 8. Let f(y) = -4*d(y) + x(y). Calculate f(7).
12
Let r(w) = -7*w**2 - 11*w - 2. Let y(x) = 3*x**2 + x. Let p(v) = -r(v) - 2*y(v). Give p(-11).
24
Suppose 0 = -13*k - 120 + 432. Suppose 14 - k = -5*t. Let p(c) = c + 5*c - t*c + 0*c. Determine p(1).
4
Let r = 202 + -222. Let t be 4/r + (-208)/(-40). Let g(z) = -2*z - 2 + 3*z**3 - 4*z**2 - 2*z**3 - 3 + 2. Determine g(t).
12
Let u(y) be the third derivative of 17*y**4/12 + y**3/6 + 3*y**2 - 88*y. Calculate u(2).
69
Suppose -x - 2*i + 9 = 0, 21*x + 2*i = 16*x + 29. Let n(v) = -v**3 + x - 89*v + 54*v - 3*v**2 + 40*v. Calculate n(-4).
1
Suppose 0 - 6 = -i. Let d(p) be the second derivative of -1/6*p**3 + 0 + 13/2*p**2 - 18*p. Determine d(i).
7
Let r(u) = u**2 - 11*u - 96. Let c be r(17). Let j(v) = 2*v + 1663*v**2 + 1 + 4*v - 1664*v**2. Give j(c).
1
Let w(l) = -l**3 + 22*l**2 - 26*l - 17. Let t(m) = -m**3 + 24*m**2 + 43*m + 255. Let i be t(26). Calculate w(i).
-122
Suppose 0 = -27*y + 23*y + 280. Let c(r) = -68*r + 199*r - 62*r - y*r + 11. Determine c(5).
6
Let y(m) = -8. Let g(n) = -n - 40. Let x(k) = -2*g(k) + 11*y(k). Suppose 4*o - 25 = -2*l + 1, -2*o = -5*l + 41. Determine x(l).
10
Let z(u) = 16*u**2 + 11*u - 11. Let r(d) = 15*d**2 + 10*d - 9. Let m(w) = 8*r(w) - 7*z(w). Calculate m(-2).
31
Let r be (1 - 14/4)*2. Let w(l) = 2*l**3 - 3*l**2 + 16*l - 14. Let a(u) = -u**3 + u**2 - 7*u + 7. Let b(z) = -13*a(z) - 